e (-7 - 36) + -171 + 171.
-43
Calculate -37 + (-11 - 39) + 111 + -2 + 1.
23
What is the value of 26 - (38 - -22) - (-4 - 2)?
-28
Calculate -58 + 28 + (-4 - (13 - 8 - 20)).
-19
What is the value of 12 + (0 - (-8 - -14)) + -19?
-13
Evaluate 69 + (-56 - -3) + 95.
111
What is -81 - -59 - (17 + (1 - -9))?
-49
Evaluate -20 + (-39 + -2 - (-37 + 71 + -47)).
-48
-32 + -19 + (-10 - -50) - (0 - (0 + 1))
-10
Evaluate -17 + -37 + 38 + 6.
-10
Evaluate -1 - -30 - (-9 + 0 + (12 - -1) + -8).
33
22 - (5 - 41 - -48)
10
-96 + 34 - (78 + -108)
-32
-31 - 15 - -61 - 17
-2
What is (26 - 46) + -8 + 0 + 13 - -11?
-4
What is -13 + (30 - (36 + 6))?
-25
Evaluate -10 + -5 + 0 + (83 - (5 + 7)).
56
What is 14 - (-12 - (-22 + 34 + -15))?
23
What is the value of -4 + (-23 - (15 + -41)) - ((0 - 61) + -2)?
62
Evaluate 92 + (65 - (5 + 99)).
53
Evaluate (-21 - (-33 - 20)) + 7.
39
Evaluate (0 - -1 - 8) + (-19 - -222) + -163.
33
What is 5 + -53 + (-16 - -24) - (-5 + -1 + 3)?
-37
What is 10 + (-59 + (1 - 1) + 1 - (249 - 242))?
-55
What is the value of -91 + (8 - 53) + 246?
110
38 - (121 - (74 + -61))
-70
What is (-3 - 1) + (-729 - -686)?
-47
What is 10 - (3 - -6) - (-1049 - -904)?
146
Calculate 0 + 32 + 3 + 1 + 8 + -13 + 14.
45
Calculate (6 - 21) + (131 - (-24 + 26)).
114
What is the value of 1 + 26 - 56 - 46 - (-15 - 0)?
-60
What is the value of 1 + 0 + (-10 + -18 - -34 - -11)?
18
Evaluate 27 + (-64 - (-61 - -89)).
-65
Calculate 45 - 23 - (54 + 8 + -7).
-33
36 - ((26 - 33) + 17 + (-8 - -1))
33
(2 - -19) + -42 + 53
32
Calculate -7 - ((22 - 12) + -22 + 9) - 15.
-19
What is -4 + (0 - 5) + 134 + -120?
5
Calculate -2 + 1 + (129 - (-20 - -84)).
64
What is the value of 88 + 57 + (-64 - 184)?
-103
Calculate -30 - (-16 + 1 - (23 + (-62 - -13))).
-41
What is the value of 2 + -21 - (-116 - 26) - (-3 + 23)?
103
24 + -23 + (3 + -1 + -8 - -25)
20
69 - ((27 - 123) + 186)
-21
What is 16 - (1 - -3) - (25 - (-15 - 9))?
-37
What is the value of (-16 - -80) + (-44 - -4) + 3?
27
What is -13 - -1 - ((-17 - (-17 + 19)) + -24)?
31
What is -49 + (-3 - -33) - (-6 + 1 - -23)?
-37
Calculate (51 - (28 + 2) - 85) + -14.
-78
(417 - 430) + 51 + -7
31
(6 - -11 - -1 - (21 + -13)) + -65 + 0
-55
Evaluate -121 - -1 - (50 - -4 - (209 - 163)).
-128
Calculate 70 - (-253 + 246 + (2 - (-9 + 1)) + -2).
69
What is 107 - (-45 + (114 - 61))?
99
What is the value of 8 + 0 + -2 - ((-1 - -3) + 240 + -194)?
-42
What is 761 - 802 - (6 + -11)?
-36
(2 - (4 + -6 - -8)) + 71 + 11 + 29
107
Evaluate 9 + (-52 - -42) + -3 + 0 + -4 + 11.
3
-84 + 6 + (30 - (27 - 9)) + -41
-107
What is the value of (1067 - 1078) + 1 + 27?
17
Evaluate 78 + -47 + -66 + (1 - (17 + -5)).
-46
Calculate -9 + -93 + 21 + 1 + -45.
-125
(0 + 2 - -50) + (-6 - 9) + 18 + -13
42
Evaluate 39 + 2 + (-97 - (-215 + 108)).
51
What is the value of 8 + 13 + (-10 - ((6 - 2) + -9 + -6))?
22
Calculate (17 - (35 + (-2 - 38))) + (1 - 21).
2
Evaluate 0 + (0 - -1 - (-30 + 31)) + -17.
-17
Evaluate 30 + -62 + -57 + -13.
-102
What is 2 - 1 - (62 + -25 + -20)?
-16
What is the value of 158 + -6 + -809 + 700?
43
Calculate -2 + -61 + 9 + 43.
-11
Evaluate (4 - (11 - ((7 - 1) + -7))) + 28.
20
What is the value of 47 + -75 + 123 + -66?
29
Calculate (0 - -7) + (-5 - -2 - -10) + 7.
21
What is the value of -12 + -1 + (27 - (-31 + 93 + -8))?
-40
(162 - 95 - (-5 + 28)) + 7
51
What is (26 - (-18 - -27)) + (16 - -10)?
43
(1 - -52) + 1 + -1 + (187 - 289) + 93
44
Calculate 26 + -22 + (4 - (34 + 9)) + -5.
-40
-41 - -155 - (34 + -32)
112
What is (6 + 42 - 56) + (-10 - 0) + -7 + 9?
-16
Calculate -57 + (-30 - (-22 - -17)) + 2.
-80
Calculate 53 - 67 - (-6 + -18 + 4).
6
Calculate -31 - (37 + (-20 - -16) + -9).
-55
8 + (-64 + -14 - (11 + -7 - 10))
-64
-924 + 939 + 36 + 4
55
What is the value of 10 - (-8 + 8 + -1 + 14) - 15 - -7?
-11
What is (6 - -8) + -8 + (37 - 17)?
26
-51 + 1 + (4498 - 4521)
-73
Evaluate 24 + -15 - (41 + -7 - 97).
72
What is the value of 41 - (-56 + (-116 - -130))?
83
-2 + (14 - (6 + -20 + 8 + 18)) - 86
-86
What is the value of (-22 - -42) + (43 + -14 - 73)?
-24
What is (2 - -22 - 2 - 1) + 12 + -3?
30
-49 + -2 + 370 + -372
-53
What is the value of -9 + 0 + (13 - 1 - 8) + (-97 - -10)?
-92
Calculate 0 + -5 - ((45 - 9) + -36 + 10).
-15
Calculate 39 + 0 - (-80 - (-63 + -41)).
15
What is -22 + (7 - -15) + -28 + 16?
-12
Evaluate -2 + -45 - (8 + -8 + (-16 - -5)).
-36
Calculate 1 - (-43 + 1) - (-2785 - -2789).
39
7 - ((-15 + 3 + 3 - -1) + -5)
20
What is the value of -1439 + 1509 + (-27 - 0)?
43
What is 3 + -42 - -56 - 36?
-19
(-9 - -91) + -83 - -10
9
-20 + 17 + 4 + 17 - -36
54
Calculate -26 - (-111 - (-14 + 26 - 45)).
52
What is the value of 4 - (-8 - (2 - 2 - 3) - (-17 - -11))?
3
-3 + -3 - (26 - (71 - 39)) - (5 + 1)
-6
What is 17 - (-8 + 10) - (-10 - -46 - 18)?
-3
79 - (-31 - (17 + (9 - 56) + 22))
102
What is the value of -30 + 6 + (-12 - -14) + (-5 - 3)?
-30
What is the value of -11 + -33 + 55 - (-5 - -28)?
-12
-33 - (7 + -30 + (50 - 35) - -9)
-34
Evaluate -591 + 581 + (-1 - -2 - -6) - (-3 + 56).
-56
Calculate 73 - (-72 + 18 - -133).
-6
Calculate -403 - -425 - (57 + -2).
-33
Evaluate -52 - (34 + (-117 - -24)).
7
What is 12 + -4 + -16 + (5 - 7 - -5)?
-5
What is (8 - -34 - 48) + (1 - 7)?
-12
Evaluate 6428 + -6509 + (0 - 1 - -16).
-66
Calculate (-20 - -47 - 17) + (-43 + 0 - -5).
-28
-3 + (-6 - -24) - (-8 - -100) - -20
-57
Evaluate 1 - -1 - (25 - (-33 + -20 + 26)).
-50
What is the value of -13 - (4 + 12 + (10 - (-5 - -3)))?
-41
Evaluate -31 - ((-83 - -37) + 37).
-22
4 - 29 - (-98 - (42 - 62))
53
-33 + 39 + -9 + 71
68
Calculate -27 - -103 - (82 + -35).
29
What is 91 + -128 - (26 - 26)?
-37
What is 1447 - 1467 - (-13 - (-1 - (-3 - -4)))?
-9
(10 - (-1 + 3)) + (-21 + -34 + 28 - -20)
1
What is (-102 - -9) + 17 - (-1 + (8 - 13) - -7)?
-77
What is the value of 82 + -89 + 9 + -5 + (-3 - (-6 - -92))?
-92
Calculate (59 - (95 + 80)) + 7 + -16 + (7 - 3).
-121
8 + (-50 - -55 - (6 - -1)) + (-3 - 0)
3
What is the value of -108 - ((32 - (25 + -7)) + -12 + -23)?
-87
1 + -12 - ((20 - 2 - -5) + -33)
-1
Calculate (-167 + 156 - (-1 + 1) - 39) + -5 + -5.
-60
What is the value of 14 + (7 - (2 + (-1 - -4)) - (452 + -436))?
0
What is the value of (153 - 5) + (-857 - -777)?
68
(5 - 106) + 87 + (-1 - -2) + 7 + -82
-88
(2 - (0 + 12 + (-44 - (19 + -59)))) + -51
-57
What is the value of (221 - 205) + -9 + -1 - (6 - (36 - 7))?
29
Calculate (-56 - -3) + 287 + -243.
-9
What is the value of (-112 - -163) + (-3 - (15 - 20 - (-1 - 3)))?
49
10 - (6 + -39 + -8 + 8 + -13 + 2)
54
Calculate 41 - 48 - -193 - 88.
98
What is the value of -9 - (-72 + -1) - (10 + -17 + -1 - -9)?
63
What is (47 - (10 - -63)) + 33?
7
9 - (11 - (-4 + 1 - (3 + -3 - 13)))
8
What is the value of 5 + 15 - (-18 + 0) - (10 + 0)?
28
237 + -232 - (-4 - -48)
-39
What is (-119 - -70) + (12 - -34)?
-3
Evaluate -37 + 10 + 9 + 37.
19
Calculate (-7 - 1) + 175 + -70 + -49 - (4 - -10).
34
Evaluate 488 + -478 + (-2 + 0 + 7 - (48 - 25)).
-8
21 - (1 + -17 + 21 - -15)
1
What is the value of 138 + -96 + -52 + (-1 - 11) + -1?
-23
Evaluate (-7 - 16) + (-118 - (-30 + 13)).
-124
56 + -46 + -7 + 3
6
What is the value of -83 + 44 + -11 + 103?
53
What is the value of (11 - 19) + 119 - 142?
-31
Evaluate -69 - (36 + 97 + -249).
47
What is the value of -1 - 32 - (4 + -6) - (-105 + 281 + -176)?
-31
Evaluate (-10 - -2) + (32 + -22 + -7 - -11).
6
(33 - 178) + 100 - -96
51
Calculate -4 + 18 + 17 + (-23 - 9).
-1
What is (24 - -1) + 11 + -22 + (0 - 2) - -3?
15
What is -814 + 813 + (-2 - 0) + 17 + 19?
33
Evaluate 5 + -94 + (-47 - -188).
52
Calculate -16 + 73 + (-23 - -6).
40
What is -3 + -45 + 18 + -19 + -32?
-81
What is 18 + (34 - -1 - (406 + -387)) + 8?
42
-39 + -159 + 73 + 161
36
What is the value of (27 - (36 - -12)) + (15 - -43)?
37
-20 - (24 - 31 - -1)
-14
Calculate 35 + (-3 - (45 + -68)).
55
What is 5829 + -5845 - (-9 - 1 - (1 + 0))?
-5
Evaluate -10 + (-28 + 30 + 1 - (-9 + 6 + 6)).
-10
Evaluate -1 + -77 + (-22 - (-4 - (-4 - (4 - 17)))).
-87
Calculate -19 + 17 + (-6 - -2 - 9).
-15
What is (31 - -151 - 91) + -1?
90
Calculate 124 + -101 - ((-3 - 0) + (2 - 4) + -5).
33
What is -20 - -2 - (3 - (-6 + 48))?
21
What is -4 - (20 - 62) - -2 - -25?
65
33 + (143 - 83) + -228
-135
Calculate -8 + 41 + 9 - 28.
14
What is 0 - (2 + 4) - (-29 - 8 - 15)?
46
What is 18 + 0 + 181 + -180 - -7?
26
-38 - (-30 + -11 + 